{"id":262,"date":"2022-07-25T11:02:10","date_gmt":"2022-07-25T09:02:10","guid":{"rendered":"https:\/\/www.rastotrnka.sk\/domov\/"},"modified":"2022-11-08T14:07:23","modified_gmt":"2022-11-08T13:07:23","slug":"domov","status":"publish","type":"page","link":"https:\/\/www.rastotrnka.sk\/hu\/","title":{"rendered":"Domov"},"content":{"rendered":"<p>38 \u00e9ves vagyok, \u00f6t \u00e9vvel ezel\u0151tt \u00e9n lettem Szlov\u00e1kia legfiatalabb isp\u00e1nja. Ez id\u0151 alatt a csapatomnak \u00e9s nekem siker\u00fclt a megy\u00e9t sz\u00e1mos ter\u00fcleten el\u0151rel\u00e9p\u00e9sre b\u00edrni, amelyeket \u00f6r\u00f6mmel mutatok be \u00d6n\u00f6knek. Jobboldali politikus vagyok, az \u00f6nkorm\u00e1nyzati politik\u00e1ban szerzett tapasztalataimnak k\u00f6sz\u00f6nhet\u0151en ismerem az \u00f6nkorm\u00e1nyzati folyamatokat. A megyei \u00f6nkorm\u00e1nyzatok a hat\u00e1sk\u00f6r\u00f6k sz\u00e9les sk\u00e1l\u00e1j\u00e1val rendelkeznek, az utak \u00e9s hidak kezel\u00e9s\u00e9t\u0151l \u00e9s karbantart\u00e1s\u00e1t\u00f3l kezdve a k\u00f6z\u00e9pfok\u00fa oktat\u00e1son \u00e1t a szoci\u00e1lis szolg\u00e1ltat\u00e1sokig, a t\u00f6megk\u00f6zleked\u00e9sig, a region\u00e1lis fejleszt\u00e9sig, az eg\u00e9szs\u00e9g\u00fcgyig, a kult\u00far\u00e1ig \u00e9s a turizmusig. K\u00f6zel \u00e1llnak a polg\u00e1rokhoz, \u00edgy gyorsabban \u00e9s hat\u00e9konyabban tudj\u00e1k ezeket a szolg\u00e1ltat\u00e1sokat ny\u00fajtani. Erre is t\u00f6rekedt\u00fcnk a megy\u00e9ben a mostani v\u00e1laszt\u00e1si id\u0151szakban. Mivel egy megkezdett munka el\u0151l nem szok\u00e1s elfutni, \u00fagy d\u00f6nt\u00f6ttem, hogy \u00fajra indulok a v\u00e1laszt\u00f3k bizalm\u00e1\u00e9rt. Megvan a v\u00edzi\u00f3m, a sz\u00fcks\u00e9ges energia \u00e9s egy terv, de ami a legfontosabb, rendelkezem az eredm\u00e9nyekkel, amelyek a d\u00f6nt\u0151 k\u00fcl\u00f6nbs\u00e9get jelentik.       <\/p>\n","protected":false},"excerpt":{"rendered":"<p>38 \u00e9ves vagyok, \u00f6t \u00e9vvel ezel\u0151tt \u00e9n lettem Szlov\u00e1kia legfiatalabb isp\u00e1nja. Ez id\u0151 alatt a csapatomnak \u00e9s nekem siker\u00fclt a megy\u00e9t sz\u00e1mos ter\u00fcleten el\u0151rel\u00e9p\u00e9sre b\u00edrni, amelyeket \u00f6r\u00f6mmel mutatok be \u00d6n\u00f6knek. Jobboldali politikus vagyok, az \u00f6nkorm\u00e1nyzati politik\u00e1ban szerzett tapasztalataimnak k\u00f6sz\u00f6nhet\u0151en ismerem az \u00f6nkorm\u00e1nyzati folyamatokat. A megyei \u00f6nkorm\u00e1nyzatok a hat\u00e1sk\u00f6r\u00f6k sz\u00e9les sk\u00e1l\u00e1j\u00e1val rendelkeznek, az utak \u00e9s hidak [&hellip;]<\/p>\n","protected":false},"author":1,"featured_media":0,"parent":0,"menu_order":0,"comment_status":"closed","ping_status":"closed","template":"page-home.php","meta":{"footnotes":""},"class_list":["post-262","page","type-page","status-publish","hentry"],"acf":[],"_links":{"self":[{"href":"https:\/\/www.rastotrnka.sk\/hu\/wp-json\/wp\/v2\/pages\/262"}],"collection":[{"href":"https:\/\/www.rastotrnka.sk\/hu\/wp-json\/wp\/v2\/pages"}],"about":[{"href":"https:\/\/www.rastotrnka.sk\/hu\/wp-json\/wp\/v2\/types\/page"}],"author":[{"embeddable":true,"href":"https:\/\/www.rastotrnka.sk\/hu\/wp-json\/wp\/v2\/users\/1"}],"replies":[{"embeddable":true,"href":"https:\/\/www.rastotrnka.sk\/hu\/wp-json\/wp\/v2\/comments?post=262"}],"version-history":[{"count":0,"href":"https:\/\/www.rastotrnka.sk\/hu\/wp-json\/wp\/v2\/pages\/262\/revisions"}],"wp:attachment":[{"href":"https:\/\/www.rastotrnka.sk\/hu\/wp-json\/wp\/v2\/media?parent=262"}],"curies":[{"name":"wp","href":"https:\/\/api.w.org\/{rel}","templated":true}]}}

<p>38 éves vagyok, öt évvel ezelőtt én lettem Szlovákia legfiatalabb ispánja. Ez idő alatt a csapatomnak és nekem sikerült a megyét számos területen előrelépésre bírni, amelyeket örömmel mutatok be Önöknek. Jobboldali politikus vagyok, az önkormányzati politikában szerzett tapasztalataimnak köszönhetően ismerem az önkormányzati folyamatokat. A megyei önkormányzatok a hatáskörök széles skálájával rendelkeznek, az utak és hidak kezelésétől és karbantartásától kezdve a középfokú oktatáson át a szociális szolgáltatásokig, a tömegközlekedésig, a regionális fejlesztésig, az egészségügyig, a kultúráig és a turizmusig. Közel állnak a polgárokhoz, így gyorsabban és hatékonyabban tudják ezeket a szolgáltatásokat nyújtani. Erre is törekedtünk a megyében a mostani választási időszakban. Mivel egy megkezdett munka elől nem szokás elfutni, úgy döntöttem, hogy újra indulok a választók bizalmáért. Megvan a vízióm, a szükséges energia és egy terv, de ami a legfontosabb, rendelkezem az eredményekkel, amelyek a döntő különbséget jelentik.       </p>

<p>38 éves vagyok, öt évvel ezelőtt én lettem Szlovákia legfiatalabb ispánja. Ez idő alatt a csapatomnak és nekem sikerült a megyét számos területen előrelépésre bírni, amelyeket örömmel mutatok be Önöknek. Jobboldali politikus vagyok, az önkormányzati politikában szerzett tapasztalataimnak köszönhetően ismerem az önkormányzati folyamatokat. A megyei önkormányzatok a hatáskörök széles skálájával rendelkeznek, az utak és hidak [&hellip;]</p>
